ors of o + (-2)/1 + -1.
2, 3, 7
Let y(m) be the third derivative of m**5/60 + 3*m**4/8 - m**3/2 + 5*m**2. Let s be y(-10). Let p(u) = u**2 - 4*u + 1. What are the prime factors of p(s)?
2, 11
Let t be 1/2*(246 + -2). Suppose -u = -5*m - 104, -u - m = -0*u - t. List the prime factors of u.
7, 17
Let w(p) = -p**3 + 3*p**2 + 2*p - 5. List the prime factors of w(-3).
43
Suppose -30*d + 31*d = 153. Suppose 3*l - d = 120. What are the prime factors of l?
7, 13
Let m(p) = -p**3 - p**2 + 2*p - 9. Let j be m(-3). Suppose -j*r + 92 = 4*f - 56, 62 = r - 5*f. What are the prime factors of r?
2, 13
Let w(n) = n**3 - 12*n**2 + 19*n + 5. Let a be w(10). List the prime factors of -2 + (136/a)/((-24)/60).
2, 3, 11
Let b(i) be the third derivative of i**6/40 - i**5/10 + 5*i**4/12 - i**3/3 - 8*i**2. List the prime factors of b(5).
3, 7, 13
Let j = 508 - -1690. List the prime factors of j.
2, 7, 157
Suppose -q = -4*w - 3*q - 34, w - q = -10. Let r(g) = -g - 167 + 157 - g - 2*g. What are the prime factors of r(w)?
2, 13
Let i be (2 + 17)*(0 - 0 - 4). Let u = 3 - i. List the prime factors of u.
79
Let h be -2 + 1/((-2 - -5)/15). Let t = 14 - 2. Suppose t = -4*j + 5*j + 4*o, h*o = -3. List the prime factors of j.
2
Let i = 33 + -29. What are the prime factors of -1 + 122 + 8/(i - 0)?
3, 41
Let x = 27 + -19. Suppose -2*p + 2*j + 2 - 8 = 0, 2*p - 4*j + x = 0. List the prime factors of (p + 2)/(-2) + 18.
2, 3
Suppose -3*x - 3*r = -6, -r - r = x + 3. Suppose 3*q - 780 = -x*c + 3*c, -q + 5*c = -241. What are the prime factors of q?
2
Let a = 23 - 17. Suppose 4*x - 3*x = a. List the prime factors of x.
2, 3
Let w = 1054 + -2568. What are the prime factors of 3/(-21) + w*(-3)/42?
2, 3
Suppose 350 = 5*w - 3*k, -5*w + 0*k + 350 = -5*k. What are the prime factors of w?
2, 5, 7
Let n be 2/(-8) - (-13)/4. Suppose 3 - 12 = -n*b. Suppose 4*y + 2*f = b*y + 3, -f + 33 = 4*y. What are the prime factors of y?
3
List the prime factors of (4/24*3)/(20/168720).
2, 3, 19, 37
Let n = -292 + 416. Suppose -n*a + 120*a + 160 = 0. What are the prime factors of a?
2, 5
Let n = 656 - 597. List the prime factors of n.
59
What are the prime factors of (-2280)/((3/(-6))/(2/6))?
2, 5, 19
Suppose -4*u - 7*u + 22 = 0. Suppose u*c - 2 = 2*i, 9 = 3*i + 3*c - 18. List the prime factors of i.
2
Let d = 1314 + -746. What are the prime factors of d?
2, 71
Suppose 20*a = 18*a + 1180. What are the prime factors of a?
2, 5, 59
Suppose 0 = y - 327 - 217. What are the prime factors of y?
2, 17
Let d(u) be the first derivative of 2 + 0*u + 3/2*u**2. What are the prime factors of d(6)?
2, 3
Let q(i) = -2*i**3 - 2*i**2 - 3*i - 3. Let m be q(-2). Let d = -13 + m. List the prime factors of (-84)/(3 + -7) - d.
23
Let y(i) = 3*i**2 + 26*i + 103. List the prime factors of y(-16).
5, 7, 13
Suppose 33*z = 15*z + 1692. List the prime factors of z.
2, 47
Let n(x) = 2*x - 19. List the prime factors of n(20).
3, 7
Let d(i) = 135*i + 42. List the prime factors of d(26).
2, 3, 37
Let a = -69 - -67. List the prime factors of ((-2 - 2) + a)*392/(-21).
2, 7
Let n = -636 + 982. What are the prime factors of n?
2, 173
Suppose 30671 = 32*q + 2863. What are the prime factors of q?
11, 79
What are the prime factors of (-335)/4*-2*736/40?
2, 23, 67
Let n(c) = c**3 + 14*c**2 + 13*c - 6. Let k be 1 + 7*-2 + 0. Let r be n(k). Let q(h) = -h**3 - 6*h**2 - 4*h - 9. What are the prime factors of q(r)?
3, 5
Suppose 5*r + 352 = p, 4*p - 2*r = 936 + 400. What are the prime factors of p?
2, 83
Let y(u) be the second derivative of -u**4/12 - 4*u**3/3 - 2*u**2 + 3*u. Let k be y(-3). Suppose -2*d + k = -d. What are the prime factors of d?
11
Suppose -5*i + p + 5 + 0 = 0, -5*i = 2*p + 10. Suppose i = -h - a + 6*a + 97, -506 = -5*h + 4*a. List the prime factors of h.
2, 3, 17
Suppose -6*p + 3*p + 3*w = 165, -186 = 3*p + 4*w. Let d = 8 - p. List the prime factors of d.
2, 3, 11
Let t(s) be the third derivative of -s**5/60 + s**4/6 + 7*s**3/6 + 4*s**2. Let b be t(6). Let n = b - -8. List the prime factors of n.
3
Suppose -1029 - 39 = -12*u. Suppose 68 = -r + u. List the prime factors of r.
3, 7
Suppose 24*j = 18*j + 2640. What are the prime factors of j?
2, 5, 11
Suppose -3 = -5*l + 12. Suppose 0 = 2*f - l - 1. Suppose 55 = s - f. What are the prime factors of s?
3, 19
Let d(s) = -9*s + 7*s - 24 - 2*s. List the prime factors of d(-17).
2, 11
Suppose 56*f + 1555 = x + 55*f, -4*x - 3*f = -6234. List the prime factors of x.
3, 173
Suppose -3*l = -5*z - 38, -3*z - 4*l = -l + 18. Let w(x) = x**2 + 3. What are the prime factors of w(z)?
2, 13
Let h(r) = 105*r**2 - r - 24. List the prime factors of h(3).
2, 3, 17
Suppose -3*t - 178 = -364. List the prime factors of t.
2, 31
Let q(h) = -h + h**3 + 6*h + 9*h - 11*h**2 - 11. Suppose -5*r = -3*p - 0*r + 45, 3*p - 4*r - 42 = 0. What are the prime factors of q(p)?
29
Let d be 3 + (-2 - (21 - 0)). Let g(k) = 2*k + 1. Let q be g(-5). Let s = q - d. List the prime factors of s.
11
Let d(l) = 73*l - 143. What are the prime factors of d(6)?
5, 59
Let t(f) = -2*f - 10. Let v be t(-6). Let h(m) = -m**2 + 0*m + 8*m - 3*m + v*m**2 + 2. What are the prime factors of h(-9)?
2, 19
Let z = 59 - 63. Let u be (-1 - -98) + 1 + 1. List the prime factors of 2*(z + u/6).
5
Suppose 4*t - 1176 = 2*b, -2*t - 5*b = -t - 294. Suppose 3*k = -3*c + t - 57, 0 = -5*k - 2*c + 404. List the prime factors of k.
2, 41
Suppose -3*t - 165 = -4*z, 0*z = z. Let s = 78 + t. List the prime factors of s.
23
Let k(z) = 39*z**2 - 4*z + 2. List the prime factors of k(3).
11, 31
Let d(b) = b**3 + 5*b**2 + 5*b + 4. Suppose a - 2*a = 4. Let t be d(a). Suppose 0*j + j - 3*x - 13 = t, 4*j = -4*x + 52. What are the prime factors of j?
13
Let f = 152 - 147. What are the prime factors of f?
5
Suppose -3*o = 59 - 152. Let j be (24/(-9))/((-4)/6). Suppose -b + 2*g + o = 0, 62 = 2*b - j*g + g. List the prime factors of b.
31
Let p(b) = -37*b**3 + 3*b**2 + 11*b - 44. What are the prime factors of p(-5)?
43, 107
Suppose -3*f + 4065 = -5*j, 0 = 4*f + 4*j + 1120 - 6540. List the prime factors of f.
5, 271
Let z = -1028 + 1954. What are the prime factors of z?
2, 463
Let h(d) = -3*d + 3 + 19 - 3*d**2 + 2*d**2 - 6*d. Let o be h(-10). What are the prime factors of (-24)/o*15/(-2)?
3, 5
List the prime factors of (-2 - -7608)*33/66.
3803
Let w be 4/(-10) + (-9821)/(-115). Let q(f) = -4*f**2 + 4*f + 2. Let h be q(4). Let y = w + h. List the prime factors of y.
3, 13
Let a(c) = -4*c - 4. Let q be (-4 + 5)/((-1)/2). List the prime factors of a(q).
2
Let i be ((-9)/(-12) - 1) + (-3314)/(-8). Let o = i - 128. What are the prime factors of o?
2, 11, 13
List the prime factors of ((-656)/(-5))/((-3)/(-15)).
2, 41
Let w be 2940/(1 + 4)*1/(-2). List the prime factors of (1/2)/((-7)/w).
3, 7
Let v = -33 - -559. List the prime factors of v.
2, 263
Suppose 0 = 27*y - 2207 - 103039. What are the prime factors of y?
2, 1949
Let y be (-11 - -12) + (1 - -1156). Let l be y/24 - (-2)/(-8). Suppose 2*a - l = -a. What are the prime factors of a?
2
Let m = -59 + 130. Let u = -53 + m. What are the prime factors of u?
2, 3
What are the prime factors of 3150/(12 + -6) - -1?
2, 263
Suppose -752 = -3*o - 2*o + q, 3*o - 444 = -3*q. What are the prime factors of o?
2, 3, 5
Suppose -5*w + 41 = -129. List the prime factors of w.
2, 17
Let f = -257 + 3697. List the prime factors of f.
2, 5, 43
Let j(q) = q**3 - 7*q**2 + q - 5. Let i be j(7). What are the prime factors of 87 - 3/(-2)*i?
2, 3, 5
Let b(n) = n**2 + 7*n + 14. Let l be b(-5). Suppose 2*w - 233 = -5*u + 160, -l*w + 247 = 3*u. What are the prime factors of u?
7, 11
Let f = 3 + -2. Suppose 24 + f = 5*h. List the prime factors of 23 - h - (-2)/(-1).
2
Suppose -4*y = -y - 6. Suppose 5*z + y - 17 = 0. What are the prime factors of 14/((z + 1)/8)?
2, 7
Let n = 109 - 222. Let v = n - -181. What are the prime factors of v?
2, 17
Suppose 0 = -n + 3*n - 332. List the prime factors of n.
2, 83
Let v = 2998 - 1775. List the prime factors of v.
1223
Let k be (2/(-4))/(1/(-32)). Let r be k + (1 - 1)/2. Suppose -12 = -2*l + r. List the prime factors of l.
2, 7
Let a(d) = 2*d**2 - 101*d + 344. What are the prime factors of a(68)?
2, 3, 227
Let j(l) = -l**2 - 8*l + 3. Let r be j(-5). Let s = -16 + r. List the prime factors of -36*-2*s/4.
2, 3
Let j(p) = p**3 -